74
Calculate the remainder when 59895451 is divided by 67.
64
Calculate the remainder when 3977153 is divided by 441858.
431
Calculate the remainder when 741801 is divided by 123630.
21
What is the remainder when 107484637 is divided by 432?
13
What is the remainder when 637286 is divided by 380?
26
What is the remainder when 37356561 is divided by 26?
21
Calculate the remainder when 8054238 is divided by 780.
738
What is the remainder when 2601078 is divided by 7930?
38
What is the remainder when 75127377 is divided by 6718?
6701
What is the remainder when 820328 is divided by 44?
36
What is the remainder when 238547 is divided by 622?
321
Calculate the remainder when 11595354 is divided by 4.
2
Calculate the remainder when 5063573 is divided by 92.
77
Calculate the remainder when 847099 is divided by 141181.
13
Calculate the remainder when 1799022 is divided by 68.
14
What is the remainder when 297616 is divided by 128?
16
What is the remainder when 644296 is divided by 490?
436
What is the remainder when 168422 is divided by 1022?
814
Calculate the remainder when 2450465 is divided by 28.
17
Calculate the remainder when 564083189 is divided by 10.
9
Calculate the remainder when 2984298 is divided by 210.
198
Calculate the remainder when 1389104 is divided by 2198.
2166
What is the remainder when 19524459 is divided by 55?
9
Calculate the remainder when 18995175 is divided by 655006.
1
Calculate the remainder when 2946903 is divided by 2090.
3
What is the remainder when 1836531 is divided by 41?
18
What is the remainder when 7043730 is divided by 67728?
18
What is the remainder when 2153183 is divided by 966?
935
What is the remainder when 57947 is divided by 4809?
239
What is the remainder when 2323250 is divided by 17468?
6
Calculate the remainder when 22506084 is divided by 20.
4
Calculate the remainder when 27371 is divided by 448.
43
Calculate the remainder when 27454323 is divided by 2357.
2344
What is the remainder when 17967475 is divided by 112?
99
What is the remainder when 13980086 is divided by 936?
926
Calculate the remainder when 57554496 is divided by 17590.
16
What is the remainder when 2020339 is divided by 366?
19
Calculate the remainder when 130698 is divided by 1919.
206
What is the remainder when 23885 is divided by 14190?
9695
What is the remainder when 552243 is divided by 137858?
811
What is the remainder when 852658 is divided by 1792?
1458
Calculate the remainder when 30665846 is divided by 1290.
1256
Calculate the remainder when 800952 is divided by 7151.
40
What is the remainder when 2621906 is divided by 386?
194
What is the remainder when 348697484 is divided by 963?
962
What is the remainder when 963928 is divided by 210?
28
What is the remainder when 6450365 is divided by 5907?
5828
What is the remainder when 3873452 is divided by 1785?
2
What is the remainder when 167204481 is divided by 1228?
1
What is the remainder when 15846967 is divided by 260?
227
What is the remainder when 24808 is divided by 8079?
571
Calculate the remainder when 5773971 is divided by 235.
21
What is the remainder when 17059 is divided by 2846?
2829
Calculate the remainder when 5410291 is divided by 704.
51
Calculate the remainder when 218448907 is divided by 958.
957
Calculate the remainder when 1940493 is divided by 157.
130
Calculate the remainder when 9491789 is divided by 304.
301
Calculate the remainder when 550285 is divided by 91472.
1453
What is the remainder when 10345810 is divided by 443?
431
What is the remainder when 799942 is divided by 969?
517
What is the remainder when 59556383 is divided by 559?
523
What is the remainder when 28224704 is divided by 323?
318
What is the remainder when 11463476 is divided by 41?
40
Calculate the remainder when 295249 is divided by 2363.
2237
Calculate the remainder when 31183 is divided by 3190.
2473
Calculate the remainder when 121131571 is divided by 2677.
2675
Calculate the remainder when 8508605 is divided by 831.
827
Calculate the remainder when 245508 is divided by 81541.
885
Calculate the remainder when 246461 is divided by 88.
61
Calculate the remainder when 664265 is divided by 10542.
119
What is the remainder when 527894 is divided by 6594?
374
What is the remainder when 219995 is divided by 2482?
1579
Calculate the remainder when 81298 is divided by 20299.
102
Calculate the remainder when 20179 is divided by 6383.
1030
Calculate the remainder when 597373 is divided by 2667.
2632
What is the remainder when 338053401 is divided by 12?
9
What is the remainder when 1707725 is divided by 11117?
6824
Calculate the remainder when 29825352 is divided by 175.
102
What is the remainder when 802029 is divided by 42?
39
What is the remainder when 567845 is divided by 141959?
9
What is the remainder when 10700 is divided by 3538?
86
Calculate the remainder when 7548338 is divided by 580639.
31
Calculate the remainder when 33224556 is divided by 2076534.
12
What is the remainder when 167456 is divided by 2412?
1028
Calculate the remainder when 8783833 is divided by 321.
310
Calculate the remainder when 130397 is divided by 226.
221
Calculate the remainder when 608873 is divided by 608870.
3
What is the remainder when 92134268 is divided by 55?
28
Calculate the remainder when 709079 is divided by 37315.
94
What is the remainder when 1058682 is divided by 131?
71
Calculate the remainder when 1229219 is divided by 14440.
1819
Calculate the remainder when 567390861 is divided by 2693.
2691
Calculate the remainder when 16078936 is divided by 58257.
4
Calculate the remainder when 3775648 is divided by 7628.
7416
What is the remainder when 64820 is divided by 10308?
2972
Calculate the remainder when 60196091 is divided by 12008.
11995
What is the remainder when 1724302166 is divided by 679?
678
Calculate the remainder when 814058 is divided by 35310.
1928
Calculate the remainder when 2867 is divided by 760.
587
What is the remainder when 71575255 is divided by 1613?
1606
What is the remainder when 10907 is divided by 577?
521
Calculate the remainder when 3848055 is divided by 3963.
3945
Calculate the remainder when 82507 is divided by 11542.
1713
Calculate the remainder when 124135398 is divided by 41378466.
0
What is the remainder when 187786 is divided by 1360?
106
Calculate the remainder when 24686945 is divided by 10312.
17
Calculate the remainder when 1284919 is divided by 1284918.
1
Calculate the remainder when 820850 is divided by 820830.
20
What is the remainder when 5701720 is divided by 155?
45
What is the remainder when 30741267 is divided by 1853?
1850
Calculate the remainder when 16242357 is divided by 5231.
102
Calculate the remainder when 1544630 is divided by 9417.
242
Calculate the remainder when 588504 is divided by 4298.
3976
What is the remainder when 164453 is divided by 56?
37
Calculate the remainder when 726966 is divided by 66.
42
Calculate the remainder when 33103 is divided by 15659.
1785
Calculate the remainder when 12487 is divided by 6369.
6118
Calculate the remainder when 920244 is divided by 2347.
220
Calculate the remainder when 1898639 is divided by 474430.
919
Calculate the remainder when 336164 is divided by 8038.
6606
Calculate the remainder when 409340 is divided by 3275.
3240
What is the remainder when 199995537 is divided by 117162?
3
What is the remainder when 626376 is divided by 313186?
4
Calculate the remainder when 795648 is divided by 168.
0
What is the remainder when 365778313 is divided by 27?
25
What is the remainder when 793196 is divided by 71946?
1790
Calculate the remainder when 1209931 is divided by 92995.
996
What is the remainder when 740583 is divided by 236?
15
Calculate the remainder when 27420 is divided by 210.
120
Calculate the remainder when 66454 is divided by 423.
43
What is the remainder when 65790 is divided by 21467?
1389
What is the remainder when 27933671 is divided by 2269?
12
Calculate the remainder when 1774147 is divided by 70.
67
What is the remainder when 6441302 is divided by 463?
46
What is the remainder when 191394 is divided by 13621?
700
What is the remainder when 19220147 is divided by 192?
179
What is the remainder when 791995 is divided by 26391?
265
What is the remainder when 19628825 is divided by 7?
6
Wha